is divided by 24606?
254
Calculate the remainder when 1106715 is divided by 551816.
3083
Calculate the remainder when 465478 is divided by 772.
734
Calculate the remainder when 95936 is divided by 1813.
1660
What is the remainder when 226426 is divided by 2287?
13
What is the remainder when 1330675 is divided by 2251?
334
What is the remainder when 15572 is divided by 2537?
350
Calculate the remainder when 291783 is divided by 2098.
161
Calculate the remainder when 378719 is divided by 627.
11
What is the remainder when 186120 is divided by 62037?
9
What is the remainder when 16999593 is divided by 3702?
9
What is the remainder when 38111483 is divided by 858?
839
Calculate the remainder when 217924 is divided by 3821.
127
Calculate the remainder when 18417618 is divided by 4604402.
10
Calculate the remainder when 59002 is divided by 155.
102
Calculate the remainder when 19341383 is divided by 39232.
7
What is the remainder when 3952783 is divided by 25017?
97
What is the remainder when 226261 is divided by 113122?
17
Calculate the remainder when 1232454 is divided by 308112.
6
Calculate the remainder when 94767357 is divided by 5922959.
13
What is the remainder when 10164138 is divided by 41?
33
What is the remainder when 41360 is divided by 9851?
1956
Calculate the remainder when 2528258 is divided by 33710.
8
What is the remainder when 7216 is divided by 24?
16
What is the remainder when 169188007 is divided by 2299?
2298
What is the remainder when 13543367 is divided by 28?
19
Calculate the remainder when 58126 is divided by 28954.
218
Calculate the remainder when 229071 is divided by 1120.
591
Calculate the remainder when 431703 is divided by 215646.
411
What is the remainder when 846843 is divided by 1355?
1323
What is the remainder when 881076 is divided by 58?
56
What is the remainder when 67846 is divided by 466?
276
What is the remainder when 1434692 is divided by 716194?
2304
Calculate the remainder when 3221841 is divided by 17993.
1094
Calculate the remainder when 43092 is divided by 403.
374
Calculate the remainder when 1647342 is divided by 286.
268
What is the remainder when 2232348 is divided by 6083?
5970
Calculate the remainder when 911998 is divided by 254.
138
Calculate the remainder when 8387100 is divided by 735.
15
Calculate the remainder when 351390 is divided by 71.
11
What is the remainder when 50785539 is divided by 2241?
2238
Calculate the remainder when 309186 is divided by 309180.
6
What is the remainder when 175456965 is divided by 67?
45
Calculate the remainder when 240293 is divided by 4083.
3479
Calculate the remainder when 3786597 is divided by 200.
197
What is the remainder when 17887757 is divided by 8943811?
135
Calculate the remainder when 1609760 is divided by 534019.
7703
Calculate the remainder when 51728 is divided by 25821.
86
Calculate the remainder when 8846786 is divided by 60181.
179
Calculate the remainder when 105987 is divided by 8948.
7559
What is the remainder when 3268598 is divided by 774?
770
What is the remainder when 16457 is divided by 4043?
285
Calculate the remainder when 130264 is divided by 1493.
373
Calculate the remainder when 42450548 is divided by 311.
292
Calculate the remainder when 10156227 is divided by 70.
67
Calculate the remainder when 378548 is divided by 56.
44
What is the remainder when 35636 is divided by 3927?
293
Calculate the remainder when 63946 is divided by 63267.
679
What is the remainder when 7208612 is divided by 33?
26
What is the remainder when 129519386 is divided by 5?
1
What is the remainder when 35055669 is divided by 11685216?
21
What is the remainder when 33567 is divided by 4133?
503
Calculate the remainder when 34084246 is divided by 344285.
31
Calculate the remainder when 9969 is divided by 4257.
1455
What is the remainder when 728669 is divided by 305?
24
What is the remainder when 21920 is divided by 6903?
1211
Calculate the remainder when 251109 is divided by 125546.
17
Calculate the remainder when 486517 is divided by 5172.
349
What is the remainder when 102212 is divided by 5932?
1368
Calculate the remainder when 14072478 is divided by 1173.
1170
Calculate the remainder when 2224462 is divided by 31.
26
Calculate the remainder when 135546 is divided by 67488.
570
Calculate the remainder when 178227 is divided by 89083.
61
What is the remainder when 17779541 is divided by 445?
11
Calculate the remainder when 19826 is divided by 542.
314
Calculate the remainder when 10413 is divided by 10409.
4
What is the remainder when 46005045 is divided by 11501246?
61
What is the remainder when 205019 is divided by 68279?
182
What is the remainder when 2964917 is divided by 143?
98
What is the remainder when 4871158 is divided by 1458?
1438
Calculate the remainder when 422257 is divided by 354.
289
Calculate the remainder when 15201393 is divided by 2148.
2145
Calculate the remainder when 7111481 is divided by 25.
6
What is the remainder when 3155978 is divided by 2079?
56
Calculate the remainder when 81891 is divided by 1457.
299
Calculate the remainder when 3947904 is divided by 170.
164
What is the remainder when 4470008 is divided by 755?
408
What is the remainder when 4778425 is divided by 837?
829
Calculate the remainder when 40972 is divided by 2156.
8
Calculate the remainder when 221424 is divided by 44279.
29
What is the remainder when 42749 is divided by 5421?
4802
Calculate the remainder when 4088251 is divided by 207.
1
Calculate the remainder when 728335 is divided by 3268.
2839
What is the remainder when 14769545 is divided by 832?
713
What is the remainder when 160556 is divided by 456?
44
Calculate the remainder when 134954 is divided by 44981.
11
Calculate the remainder when 45110773 is divided by 75.
73
Calculate the remainder when 6621417 is divided by 327.
321
Calculate the remainder when 1824037 is divided by 412.
113
Calculate the remainder when 888988 is divided by 985.
518
What is the remainder when 46315625 is divided by 269?
12
What is the remainder when 184285 is divided by 201?
169
What is the remainder when 38885592 is divided by 4320621?
3
What is the remainder when 858048 is divided by 17?
7
What is the remainder when 2809148 is divided by 16?
12
What is the remainder when 17990926 is divided by 17?
13
Calculate the remainder when 15317109 is divided by 74.
71
Calculate the remainder when 277622 is divided by 1810.
692
Calculate the remainder when 169553 is divided by 1410.
353
Calculate the remainder when 10952510 is divided by 823.
26
Calculate the remainder when 3183980 is divided by 1264.
1228
What is the remainder when 32737347 is divided by 463?
6
What is the remainder when 1042534 is divided by 7044?
22
Calculate the remainder when 10239248 is divided by 2283.
2276
Calculate the remainder when 47772 is divided by 1591.
42
Calculate the remainder when 1058219 is divided by 528674.
871
Calculate the remainder when 2057800 is divided by 293964.
52
What is the remainder when 98640 is divided by 32755?
375
What is the remainder when 233765909 is divided by 210?
209
Calculate the remainder when 12927000 is divided by 359083.
12
Calculate the remainder when 56303 is divided by 18763.
14
Calculate the remainder when 58089 is divided by 1601.
453
Calculate the remainder when 17164915 is divided by 634.
633
What is the remainder when 13879448 is divided by 65?
63
What is the remainder when 96912624 is divided by 22?
6
What is the remainder when 765538395 is divided by 1174?
1171
What is the remainder when 1005253 is divided by 1624?
1621
What is the remainder when 1907772 is divided by 318?
90
What is the remainder when 71521828 is divided by 10?
8
Calculate the remainder when 65688 is divided by 21843.
159
Calculate the remainder when 19060286 is divided by 373.
359
Calculate the remainder when 50657 is divided by 813.
251
Calculate the remainder when 190993 is divided by 31.
2
What is the remainder when 13035417 is divided by 814?
21
What is the remainder when 31844070 is divided by 66?
60
What is the remainder when 74721 is divided by 169?
23
Calculate the remainder when 2716995 is divided by 881.
872
What is the remainder when 3821133 is divided by 39?
30
What is the remainder when 4943477 is divided by 145?
137
Calcul